{"id":1020,"date":"2019-10-09T20:29:12","date_gmt":"2019-10-09T18:29:12","guid":{"rendered":"http:\/\/ergo-challenge.ister.at\/?page_id=1020"},"modified":"2025-10-22T19:47:59","modified_gmt":"2025-10-22T17:47:59","slug":"dirty-dozen-challenge-hrvatska","status":"publish","type":"page","link":"https:\/\/www.ergochallenge.at\/?page_id=1020","title":{"rendered":"Dirty Dozen Challenge Hrvatska"},"content":{"rendered":"\n<h2 class=\"wp-block-heading\"><a href=\"https:\/\/www.ergochallenge.at\/?page_id=570\"><strong>DEUTSCH<\/strong><\/a><strong>&nbsp;\u2013&nbsp;<\/strong><a href=\"https:\/\/www.ergochallenge.at\/?page_id=1020\"><strong>HRVATSKI<\/strong><\/a><strong>&nbsp;\u2013&nbsp;<\/strong><a href=\"https:\/\/www.ergochallenge.at\/?page_id=614\"><strong>ENGLISH<\/strong><\/a><strong> \u2013 <a href=\"https:\/\/www.ergochallenge.at\/?page_id=1500\">ITALIANO<\/a><\/strong><\/h2>\n\n\n\n<p><strong>Uvod:<br><br><\/strong>\u0160ta sve ne poku\u0161avamo da bi se mu\u010dili na ergometru. Pored 30K Challenge \u00abDirty Thirty\u00bb, \u00abDirty Dozen\u00bb od sada po\u010dinje uvijek u novembru, do Austrian Indoor Champions krajem januara.<\/p>\n\n\n\n<p><strong>Prijava:<br><br><\/strong>Od novembra do Indoor takmi\u010denja u January, imamo 12 tjedana. U toku ovih 12 tjedana vesla se 12 kategorija (Concept2 Ranking). To zna\u010di svaki tjedan (ponedeljak do nedjelje) jedno takmi\u010denje. Cilj \u00abDirty Dozen\u00bb je da se sa sprintom od 100m zavr\u0161i takmi\u010denje. Rezultati se prera\u010dunavaju u odnosu na svjetske rekorde i onda se zbrajaju. Pobjednik je ko osvoji najve\u0107i broj poena.<\/p>\n\n\n\n<p>Zbog otkazivanje skif regate \u2013 Rose kao i regate osmeraca \u2013 Blaues Band, uspjeli smo se dogovoriti sa organizatorom, da ove dvije regate \u201eodradimo\u201c u sklopu Dirty Dozen Challeng-a. Tako da \u0107e u 2. rundi distanca umjesto 60min biti 16000m.<\/p>\n\n\n\n<p><strong>Ergo Rose:<\/strong><br> <br>Runda 2 \u2013 16000m; zvani\u010dna du\u017eina skif regate Rose. Rezultati \u0107e biti obra\u0111eni u sklopu Dirty Challenge-a; i pojednina\u010dno i ukupno. Rezultati \u0107e biti proslje\u0111eni organizatoru Rose, Willy Koska.<\/p>\n\n\n\n<p>Preuzmite i sinkronizirajte svoj kalendar: <a href=\"https:\/\/www.ergochallenge.at\/wp-content\/uploads\/2024\/10\/dirty-dozen_2024.ics\"><span title=\"Die Termine sind immer von Donnerstag 18:00 Uhr bis Montag 18:00 Uhr berechnet. \"><\/span><\/a><a href=\"https:\/\/www.ergochallenge.at\/wp-content\/uploads\/2025\/10\/30K_DD.ics\">ergochallenge<\/a><a href=\"https:\/\/www.ergochallenge.at\/wp-content\/uploads\/2024\/10\/30-dirty-k_2024.ics\">.ics<\/a><\/p>\n\n\n\n<p>KW 45 (03.11.2025 &#8211; 09.11.2025) &#8211; 21 097 Meter<br> <span style=\"color: #0000ff;\"><strong>KW 46 (10.11.2025 \u2013 16.11.2025) \u2013 16 000 Meter<\/strong> <strong>(Ergo Rose)<\/strong><\/span><br> KW 47 (17.11.2025 &#8211; 23.11.2025) &#8211; 10 000 Meter<br> KW 48 (24.11.2025 &#8211; 30.11.2025) &#8211; 30 Minuten<br> KW 49 (01.12.2025 &#8211; 07.12.2025) &#8211; 6 000 Meter<br> KW 50 (08.12.2025 &#8211; 14.12.2025) &#8211; 5 000 Meter<br> KW 51 (15.12.2025 &#8211; 21.12.2025) &#8211; 2 000 Meter<br> KW 52 (22.12.2025 &#8211; 28.12.2025) &#8211; 4 Minuten<br> KW 01 (29.12.2025 &#8211; 04.01.2026) &#8211; 1 000 Meter<br> KW 02 (05.01.2026 &#8211; 11.01.2026) &#8211; 500 Meter<br> KW 03 (12.01.2026 &#8211; 18.01.2026) &#8211; 1 Minute<br> KW 04 (19.01.2026 &#8211; 25.01.2026) &#8211; 100 Meter<\/p>\n\n\n\n<p><span style=\"color: #800000;\"><strong>KW 04 &#8211; 25.01.2026 &#8211; Austrian Indoor Championships<\/strong><\/span><\/p>\n\n\n\n<p><strong>Cilj:<br><br><\/strong><br>U roku 12 tjedana treba odveslati 12 takmi\u010denja (\u00abDirty Dozen\u00bb) i poku\u0161ati pobolj\u0161ati rezultat od duge distance do sprinta. Na kraju trebamo skupiti \u0161to vi\u0161e bodova.<\/p>\n\n\n\n<p><strong>Podaci:<br><br><\/strong><br>Da bi u\u010destovali na takmi\u010denju, potrebni su imena svih u\u010desnika, godina rodjenja, ime tima i slika monitora. Podaci se moraju poslati najkasnije do srijede naredne sedmice na email\u00a0<a href=\"mailto:office@ergochallenge.at\">office@ergochallenge.at<\/a>.<\/p>\n\n\n\n<p><br>Dozvoljeno je koristiti interne liste. Povjerenje je na prvom mjestu. Rang lista se dijeli po starosnoj kategoriji \u2013 Concept2.<\/p>\n\n\n\n<ul class=\"wp-block-list\">\n<li>U 15: do 14 godina<\/li>\n\n\n\n<li>U 17: 15 \u2013 16 godina<\/li>\n\n\n\n<li>U 19: 17 &#8211; 18 godina<\/li>\n\n\n\n<li>Opsta klasa: 19 \u2013 29 godina<\/li>\n\n\n\n<li>Masters A: 30 \u2013 39 godina<\/li>\n\n\n\n<li>Masters B: 40 \u2013 49 godina<\/li>\n\n\n\n<li>Masters C: 50 \u2013 54 godina<\/li>\n\n\n\n<li>Masters C: 54 &#8211; 59 godina<\/li>\n\n\n\n<li>Masters D: 60 \u2013 64 godina<\/li>\n\n\n\n<li>Masters D: 65 &#8211; 69 godina<\/li>\n\n\n\n<li>Masters E: 70 \u2013 74 godina<\/li>\n\n\n\n<li>Masters E: 75 &#8211; 79 godina<\/li>\n\n\n\n<li>Masters F: 80 \u2013 84 godina<\/li>\n\n\n\n<li>Masters F: 85 &#8211; 89 godina<\/li>\n<\/ul>\n\n\n\n<p><a href=\"https:\/\/www.ergochallenge.at\/?page_id=572\"><strong>Ranking List<\/strong><\/a><\/p>\n","protected":false},"excerpt":{"rendered":"<p>DEUTSCH&nbsp;\u2013&nbsp;HRVATSKI&nbsp;\u2013&nbsp;ENGLISH \u2013 ITALIANO Uvod: \u0160ta sve ne poku\u0161avamo da bi se mu\u010dili na ergometru. Pored 30K Challenge \u00abDirty Thirty\u00bb, \u00abDirty[&#8230;]<\/p>\n","protected":false},"author":1,"featured_media":0,"parent":570,"menu_order":0,"comment_status":"closed","ping_status":"closed","template":"","meta":{"footnotes":""},"class_list":["post-1020","page","type-page","status-publish","hentry"],"_links":{"self":[{"href":"https:\/\/www.ergochallenge.at\/index.php?rest_route=\/wp\/v2\/pages\/1020","targetHints":{"allow":["GET"]}}],"collection":[{"href":"https:\/\/www.ergochallenge.at\/index.php?rest_route=\/wp\/v2\/pages"}],"about":[{"href":"https:\/\/www.ergochallenge.at\/index.php?rest_route=\/wp\/v2\/types\/page"}],"author":[{"embeddable":true,"href":"https:\/\/www.ergochallenge.at\/index.php?rest_route=\/wp\/v2\/users\/1"}],"replies":[{"embeddable":true,"href":"https:\/\/www.ergochallenge.at\/index.php?rest_route=%2Fwp%2Fv2%2Fcomments&post=1020"}],"version-history":[{"count":29,"href":"https:\/\/www.ergochallenge.at\/index.php?rest_route=\/wp\/v2\/pages\/1020\/revisions"}],"predecessor-version":[{"id":3046,"href":"https:\/\/www.ergochallenge.at\/index.php?rest_route=\/wp\/v2\/pages\/1020\/revisions\/3046"}],"up":[{"embeddable":true,"href":"https:\/\/www.ergochallenge.at\/index.php?rest_route=\/wp\/v2\/pages\/570"}],"wp:attachment":[{"href":"https:\/\/www.ergochallenge.at\/index.php?rest_route=%2Fwp%2Fv2%2Fmedia&parent=1020"}],"curies":[{"name":"wp","href":"https:\/\/api.w.org\/{rel}","templated":true}]}}