{"id":165,"date":"2016-10-22T18:54:00","date_gmt":"2016-10-22T16:54:00","guid":{"rendered":"http:\/\/ruder-challenge.ister.at\/?page_id=165"},"modified":"2025-10-22T19:45:03","modified_gmt":"2025-10-22T17:45:03","slug":"2016-30-dirty-k-ergo-challenge-hrvatski","status":"publish","type":"page","link":"https:\/\/www.ergochallenge.at\/?page_id=165","title":{"rendered":"30 (dirty) K ERGO Challenge Hrvatski"},"content":{"rendered":"\n<h2 class=\"wp-block-heading\"><a href=\"https:\/\/www.ergochallenge.at\/?page_id=144\">ENGLISH&nbsp;<\/a> &#8212;&nbsp; <a href=\"https:\/\/www.ergochallenge.at\/?page_id=139\">DEUTSCH&nbsp;<\/a>&#8212; <a href=\"https:\/\/www.ergochallenge.at\/?page_id=165\">HRVATSKI<\/a><\/h2>\n\n\n\n<p class=\"has-text-align-center\"><strong>30 (dirty thirty) K Ergo Challenge<\/strong><\/p>\n\n\n\n<p><strong>Op<\/strong><strong>\u0107enito o natjecanju:<\/strong><\/p>\n\n\n\n<p>Ovo je virtualno natjecanje, ne postoje nagrade niti medalje. Pravo sudjelovanja imaju svi vesla\u010di, mu\u0161ki, \u017eenski;&nbsp; bilo kao \u010dlanovi kluba ili samostalno. Svi dostavljeni rezultati biti \u0107e obra\u0111eni u dobroj vjeri u fair-play.<\/p>\n\n\n\n<p><strong>Natjecanje:<\/strong><\/p>\n\n\n\n<p>Cilj natjecanja je izveslati \u0161to vi\u0161e metara na ergometru u 30 minuta. Postoji 6 termina (obi\u010dno zadnji vikend u mjesecu; od listopada do o\u017eujka). Za svaki termin postoji rang lista. Za sudjelovanje u ukupnoj rang listi obavezno je veslati 4 od 6 mogu\u0107ih termina. Ako je izveslano 5 ili 6 termina bodova\u0107e se 4 najbolja rezultata.\u00a0 Sva natjecanja odr\u017eat \u0107e se na Concept2 (Model B-E) vesla\u010dkim mjera\u010dima (simulatorima).<br>Podaci trebaju biti proslje\u0111eni putem Emaila do srijeda (srijede) u 18:00 sati.<\/p>\n\n\n\n<p>Termini su uvijek od ponedjeljak 00:00 do nedjelja 24:00<br> preuzmite i sinkronizirajte svoj kalendar <span title=\"Die Termine sind immer von Donnerstag 18:00 Uhr bis Montag 18:00 Uhr berechnet. \"><a href=\"https:\/\/www.ergochallenge.at\/wp-content\/uploads\/2024\/10\/30-dirty-k_2024.ics\"><\/a><a href=\"https:\/\/www.ergochallenge.at\/wp-content\/uploads\/2025\/10\/30K_DD.ics\">ergochallenge<\/a><a href=\"https:\/\/www.ergochallenge.at\/wp-content\/uploads\/2024\/10\/30-dirty-k_2024.ics\">.ics<\/a>.<\/span><\/p>\n\n\n\n<p>1 Session: 03.11.2025 &#8211; 09.11.2025<br>2 Session: 24.11.2025 &#8211; 30.11.2025<br>3 Session: 15.12.2025 &#8211; 21.12.2025<br>4 Session: 05.01.2026 &#8211; 11.01.2026<\/p>\n\n\n\n<p><strong><span style=\"color: #800000;\">25.01.2026 ==&gt; Austrian Indoor Rowing Championships<\/span><\/strong><\/p>\n\n\n\n<p>5 Session: 26.01.2026 &#8211; 01.02.2026<br>6 Session: 23.02.2026 &#8211; 01.03.2026<\/p>\n\n\n\n<p><strong>Cilj:<\/strong><\/p>\n\n\n\n<p>U 4 termina izveslati barem 30000m (mu\u0161ki) ili 24000m (\u017eene) i tako se virtualno takmi\u010diti sa ostalim vesla\u010dima iz Austrije i cijelog svijeta.<\/p>\n\n\n\n<p><strong>Podaci:<\/strong><\/p>\n\n\n\n<p>Da bi se rezultati bili postavljeni na listu, potrebni su sljede\u0107i podaci: godina ro\u0111enja, te\u017eina i fotografija zaslona ergometra sa rezultatom. Podaci trebaju biti proslje\u0111eni putem Emaila do srijeda u 18:00 sati, na adresu E-Mail: <a href=\"mailto:office@ergochallenge.at\">office@ergochallenge.at<\/a>.&nbsp; Ukoliko u\u010destvuje vi\u0161e osoba iz istog kluba, mogu se koristiti i interne liste<br>\n(<a href=\"https:\/\/www.ergochallenge.at\/wp-content\/uploads\/2023\/10\/30K-Club-Results-2023.xlsx\">30K Ergebnisse Liste<\/a>).&nbsp; Naravno, povjerenje iznad svega. Rang lista se radi na osnovu Concept2 starosnih kategorija:<\/p>\n\n\n\n<ul class=\"wp-block-list\">\n<li>U15<\/li>\n\n\n\n<li>U17<\/li>\n\n\n\n<li>U19<\/li>\n\n\n\n<li>Otvorena klasa: 19 &#8211; 29 godina<\/li>\n\n\n\n<li>Masters A: 30 &#8211; 39 godina<\/li>\n\n\n\n<li>Masters B: 40 &#8211; 49 godina<\/li>\n\n\n\n<li>Masters C: 50 &#8211; 59 godina<\/li>\n\n\n\n<li>Masters D: 60 &#8211; 69 godina<\/li>\n\n\n\n<li>Masters E: 70 &#8211; 79 godina<\/li>\n\n\n\n<li>Masters F: 80 &#8211; 89 godina<\/li>\n<\/ul>\n\n\n\n<p><strong><a href=\"https:\/\/www.ergochallenge.at\/?page_id=172\" data-type=\"page\" data-id=\"172\">Ranking List<\/a><\/strong><\/p>\n","protected":false},"excerpt":{"rendered":"<p>ENGLISH&nbsp; &#8212;&nbsp; DEUTSCH&nbsp;&#8212; HRVATSKI 30 (dirty thirty) K Ergo Challenge Op\u0107enito o natjecanju: Ovo je virtualno natjecanje, ne postoje nagrade[&#8230;]<\/p>\n","protected":false},"author":1,"featured_media":157,"parent":139,"menu_order":0,"comment_status":"closed","ping_status":"closed","template":"","meta":{"footnotes":""},"class_list":["post-165","page","type-page","status-publish","has-post-thumbnail","hentry"],"_links":{"self":[{"href":"https:\/\/www.ergochallenge.at\/index.php?rest_route=\/wp\/v2\/pages\/165","targetHints":{"allow":["GET"]}}],"collection":[{"href":"https:\/\/www.ergochallenge.at\/index.php?rest_route=\/wp\/v2\/pages"}],"about":[{"href":"https:\/\/www.ergochallenge.at\/index.php?rest_route=\/wp\/v2\/types\/page"}],"author":[{"embeddable":true,"href":"https:\/\/www.ergochallenge.at\/index.php?rest_route=\/wp\/v2\/users\/1"}],"replies":[{"embeddable":true,"href":"https:\/\/www.ergochallenge.at\/index.php?rest_route=%2Fwp%2Fv2%2Fcomments&post=165"}],"version-history":[{"count":32,"href":"https:\/\/www.ergochallenge.at\/index.php?rest_route=\/wp\/v2\/pages\/165\/revisions"}],"predecessor-version":[{"id":3044,"href":"https:\/\/www.ergochallenge.at\/index.php?rest_route=\/wp\/v2\/pages\/165\/revisions\/3044"}],"up":[{"embeddable":true,"href":"https:\/\/www.ergochallenge.at\/index.php?rest_route=\/wp\/v2\/pages\/139"}],"wp:featuredmedia":[{"embeddable":true,"href":"https:\/\/www.ergochallenge.at\/index.php?rest_route=\/wp\/v2\/media\/157"}],"wp:attachment":[{"href":"https:\/\/www.ergochallenge.at\/index.php?rest_route=%2Fwp%2Fv2%2Fmedia&parent=165"}],"curies":[{"name":"wp","href":"https:\/\/api.w.org\/{rel}","templated":true}]}}