{"id":925,"date":"2019-07-09T16:24:33","date_gmt":"2019-07-09T14:24:33","guid":{"rendered":"http:\/\/ergo-challenge.ister.at\/?page_id=925"},"modified":"2023-10-19T14:36:45","modified_gmt":"2023-10-19T12:36:45","slug":"relay-race-weeks","status":"publish","type":"page","link":"https:\/\/www.ergochallenge.at\/?page_id=925","title":{"rendered":"Relay Race"},"content":{"rendered":"\n<h2 class=\"wp-block-heading\"><strong><a href=\"https:\/\/www.ergochallenge.at\/?page_id=960\" data-type=\"page\" data-id=\"960\">ENGLISH\u00a0\u00a0 <\/a>\u2013\u00a0\u00a0 <a href=\"https:\/\/www.ergochallenge.at\/?page_id=1026\" data-type=\"page\" data-id=\"1026\">HRVATSKI<\/a>\u00a0\u00a0 &#8212;\u00a0\u00a0 <a href=\"https:\/\/www.ergochallenge.at\/wp-admin\/post.php?post=925&amp;action=edit\">DEUTSCH<\/a><\/strong><\/h2>\n\n\n\n<p>Ein <strong>Staffelbewerb f\u00fcr Tandem (2), kleine Teams (3 &#8211; 10) oder gro\u00dfe Teams (\u00fcber 10) am Ergometer<\/strong> &#8211; das hat es in \u00d6sterreich noch nicht gegeben, deshalb ist die Ergo-Challenge Plattform genau richtig daf\u00fcr.&nbsp; Suche dein Team &#8211; M\u00e4nner, Frauen, Mixed &#8211; jeder Altersstufe und ab geht\u00b4s.<\/p>\n\n\n\n<p><strong>Bewerb:<\/strong><\/p>\n\n\n\n<p>In einem Staffelbewerb versuchen die Teams auf <strong>einem<\/strong> Ergometer eine vorgegebene Strecke oder Laufzeit so schnell als m\u00f6glich zur\u00fcck zu legen.&nbsp; Startberechtigt sind M\u00e4nner, Frauen und Mixed Teams aller Klassen.&nbsp; Ein Mehrfachstart einzelner Athleten\/Innen in verschiedenen Teams ist m\u00f6glich.&nbsp; Ein Mixed Team muss zur H\u00e4lfte aus Frauen und M\u00e4nnern bestehen.&nbsp; Die weiblichen Teilnehmer des Mixed Teams m\u00fcssen mindestens ein Drittel der geforderten Strecke oder Laufzeit zur\u00fccklegen.&nbsp; Das j\u00fcngste Teammitglied ist f\u00fcr die Einstufung der Kategorie (nach Concept2) verantwortlich.&nbsp; Im Juniorteam m\u00fcssen jedoch alle Mitglieder unter 19 Jahre sein.&nbsp; Au\u00dfer den Teammitgliedern darf niemand Hilfe f\u00fcr das Team leisten.&nbsp; Ein zu benennender Teamkapit\u00e4n, der auch Teilnehmer sein kann, ist f\u00fcr die Einhaltung der Regeln verantwortlich.&nbsp; Wie bei allen Challenge Bewerben steht das Vertrauen im Vordergrund.&nbsp; Alle Bewerbe werden ausschlie\u00dflich auf Concept2 (Model B-E) Ruderergometern ausgetragen.<\/p>\n\n\n\n<p>Es handelt sich dabei um einen Ganzjahresbewerb.<\/p>\n\n\n\n<p><span style=\"font-size: 1.0625rem;\">M\u00f6gliche Sessions: 60 Minuten oder 24 Stunden; 10 000 Meter, 21 097 Meter, 42 185 Meter oder 100 000 Meter<\/span><\/p>\n\n\n\n<p><strong><span style=\"color: #800000;\">28.01.2024 ==&gt; Austrian Indoor Rowing Championships<\/span><\/strong><\/p>\n\n\n\n<p><strong>&nbsp;Ziel:<\/strong><\/p>\n\n\n\n<p>In einem Teambewerb eine neue Herausforderung am Ergometer suchen.<\/p>\n\n\n\n<p><strong>Daten:<\/strong><\/p>\n\n\n\n<p>Um in die Reihung aufgenommen zu werden, ben\u00f6tige ich Namen der Teammitglieder und Geburtsjahr, <span style=\"font-size: 1.0625rem;\">Teamname und ein Fotos des Monitors.&nbsp; \u00dcbermittlung der Daten per E-mail nach der Session an <\/span><a href=\"mailto:office@ergochallenge.at\">office@ergochallenge.at<\/a><span style=\"font-size: 1.0625rem;\"> Vertrauen steht im Vordergrund. Die Reihung erfolgt gem\u00e4\u00df der Concept2 Alterseinteilung.<\/span><\/p>\n\n\n\n<ul class=\"wp-block-list\">\n<li>U 19: 12 &#8211; 18 Jahre<\/li>\n\n\n\n<li>Allgemeine Klasse: 19 &#8211; 29 Jahre<\/li>\n\n\n\n<li>Masters A: 30 &#8211; 39 Jahre<\/li>\n\n\n\n<li>Masters B: 40 &#8211; 49 Jahre<\/li>\n\n\n\n<li>Masters C: 50 &#8211; 59 Jahre<\/li>\n\n\n\n<li>Masters D: 60 &#8211; 69 Jahre<\/li>\n\n\n\n<li>Masters E: 70 &#8211; 79 Jahre<\/li>\n\n\n\n<li>Masters F: 80 &#8211; 89 Jahre<\/li>\n<\/ul>\n\n\n\n<p><\/p>\n","protected":false},"excerpt":{"rendered":"<p>ENGLISH\u00a0\u00a0 \u2013\u00a0\u00a0 HRVATSKI\u00a0\u00a0 &#8212;\u00a0\u00a0 DEUTSCH Ein Staffelbewerb f\u00fcr Tandem (2), kleine Teams (3 &#8211; 10) oder gro\u00dfe Teams (\u00fcber 10)[&#8230;]<\/p>\n","protected":false},"author":1,"featured_media":984,"parent":0,"menu_order":0,"comment_status":"closed","ping_status":"closed","template":"template-fullwidth.php","meta":{"footnotes":""},"class_list":["post-925","page","type-page","status-publish","has-post-thumbnail","hentry"],"_links":{"self":[{"href":"https:\/\/www.ergochallenge.at\/index.php?rest_route=\/wp\/v2\/pages\/925","targetHints":{"allow":["GET"]}}],"collection":[{"href":"https:\/\/www.ergochallenge.at\/index.php?rest_route=\/wp\/v2\/pages"}],"about":[{"href":"https:\/\/www.ergochallenge.at\/index.php?rest_route=\/wp\/v2\/types\/page"}],"author":[{"embeddable":true,"href":"https:\/\/www.ergochallenge.at\/index.php?rest_route=\/wp\/v2\/users\/1"}],"replies":[{"embeddable":true,"href":"https:\/\/www.ergochallenge.at\/index.php?rest_route=%2Fwp%2Fv2%2Fcomments&post=925"}],"version-history":[{"count":25,"href":"https:\/\/www.ergochallenge.at\/index.php?rest_route=\/wp\/v2\/pages\/925\/revisions"}],"predecessor-version":[{"id":2452,"href":"https:\/\/www.ergochallenge.at\/index.php?rest_route=\/wp\/v2\/pages\/925\/revisions\/2452"}],"wp:featuredmedia":[{"embeddable":true,"href":"https:\/\/www.ergochallenge.at\/index.php?rest_route=\/wp\/v2\/media\/984"}],"wp:attachment":[{"href":"https:\/\/www.ergochallenge.at\/index.php?rest_route=%2Fwp%2Fv2%2Fmedia&parent=925"}],"curies":[{"name":"wp","href":"https:\/\/api.w.org\/{rel}","templated":true}]}}